d 8?
4
What is the highest common factor of 328458 and 2002?
26
What is the highest common divisor of 34169 and 7520?
47
What is the greatest common divisor of 27981 and 711?
9
Calculate the highest common factor of 3990 and 4112094.
798
What is the greatest common factor of 195548 and 25327?
589
What is the highest common factor of 262 and 265406?
262
What is the highest common factor of 2869 and 15553?
151
What is the highest common factor of 318 and 1454691?
159
What is the highest common divisor of 704 and 449728?
64
Calculate the greatest common factor of 491045 and 4360.
545
Calculate the greatest common divisor of 22474 and 170.
34
What is the greatest common divisor of 249392 and 16?
16
Calculate the highest common divisor of 4488 and 264.
264
Calculate the greatest common divisor of 85569 and 66.
33
Calculate the highest common divisor of 194 and 588499.
97
What is the greatest common factor of 5200 and 54000?
400
What is the greatest common factor of 1053 and 445257?
81
Calculate the highest common divisor of 2232 and 18856.
8
What is the highest common factor of 207 and 50991?
69
What is the highest common divisor of 319 and 680137?
29
Calculate the highest common factor of 158422 and 2299.
209
Calculate the highest common factor of 1096575 and 15.
15
Calculate the highest common divisor of 1140 and 36.
12
Calculate the highest common factor of 3176 and 513321.
397
Calculate the highest common factor of 465686 and 130.
26
Calculate the greatest common factor of 282992 and 1104.
368
Calculate the greatest common factor of 154031 and 7659.
851
Calculate the greatest common factor of 45927 and 756.
189
Calculate the highest common factor of 33831 and 1134.
189
Calculate the highest common factor of 97895 and 35.
35
What is the greatest common factor of 5966 and 37392?
38
What is the greatest common factor of 1795198 and 268?
134
Calculate the highest common factor of 702 and 2382.
6
Calculate the greatest common divisor of 364 and 1728.
4
Calculate the highest common factor of 92901 and 73569.
537
Calculate the highest common factor of 77 and 1441.
11
What is the greatest common factor of 264 and 69528?
24
What is the highest common factor of 1696 and 74?
2
Calculate the greatest common factor of 15487 and 74702.
911
Calculate the greatest common divisor of 9328 and 704.
176
Calculate the greatest common factor of 34083 and 549.
9
What is the greatest common divisor of 5250 and 805?
35
Calculate the highest common factor of 12345 and 524251.
823
What is the highest common factor of 3111552 and 74?
74
Calculate the greatest common divisor of 6 and 402984.
6
What is the greatest common divisor of 33 and 553047?
33
Calculate the greatest common factor of 81472 and 5952.
64
Calculate the greatest common factor of 2 and 58978.
2
What is the highest common factor of 2424 and 747804?
1212
Calculate the highest common factor of 111484 and 423.
47
Calculate the greatest common factor of 206 and 2599411.
103
What is the highest common divisor of 1015 and 280?
35
Calculate the highest common divisor of 380345 and 210.
35
What is the highest common divisor of 2943 and 787743?
981
What is the greatest common factor of 136 and 1607044?
68
Calculate the greatest common factor of 48 and 3915432.
24
Calculate the greatest common factor of 70 and 557410.
70
What is the greatest common factor of 406 and 553?
7
What is the greatest common factor of 118 and 950?
2
What is the greatest common divisor of 2726 and 1598?
94
What is the greatest common factor of 64083 and 1230?
123
What is the greatest common factor of 8657 and 77?
11
What is the highest common factor of 1052 and 178051?
263
Calculate the greatest common factor of 1951685 and 85.
85
What is the greatest common factor of 58869 and 124?
31
Calculate the highest common divisor of 9 and 3060657.
9
Calculate the highest common divisor of 825040 and 140.
20
What is the highest common factor of 33 and 517099?
11
What is the highest common divisor of 155 and 89035?
5
What is the highest common factor of 322 and 1232?
14
Calculate the greatest common factor of 1675 and 3200.
25
Calculate the highest common factor of 2014 and 38342.
38
Calculate the greatest common divisor of 7780 and 540.
20
What is the greatest common divisor of 3501 and 63407?
389
Calculate the highest common factor of 4675 and 575.
25
Calculate the greatest common divisor of 252066 and 2064.
258
Calculate the highest common factor of 901770 and 210.
30
Calculate the highest common factor of 6776 and 1387144.
968
Calculate the greatest common factor of 740 and 6060.
20
What is the highest common factor of 228 and 157928?
76
Calculate the greatest common factor of 2968 and 41976.
424
What is the greatest common divisor of 423 and 429?
3
Calculate the greatest common divisor of 5489 and 649.
11
Calculate the highest common factor of 6 and 3571.
1
Calculate the highest common factor of 23 and 846607.
23
Calculate the greatest common factor of 576615 and 585.
195
Calculate the highest common divisor of 410 and 2452210.
410
Calculate the highest common divisor of 86099 and 2506.
179
Calculate the highest common divisor of 1569481 and 694.
347
Calculate the highest common divisor of 29565 and 1215.
405
What is the greatest common factor of 23 and 161966?
23
What is the greatest common factor of 1548 and 173763?
387
Calculate the greatest common divisor of 284 and 182044.
284
Calculate the highest common factor of 5961681 and 11.
11
Calculate the greatest common factor of 624 and 128752.
208
Calculate the highest common divisor of 4794 and 238.
34
Calculate the highest common divisor of 4608 and 77904.
144
Calculate the greatest common factor of 24534 and 406.
58
What is the greatest common divisor of 97104 and 819?
21
Calculate the greatest common divisor of 93 and 11085.
3
Calculate the greatest common divisor of 5344 and 1495652.
668
Calculate the highest common divisor of 1950 and 76350.
150
Calculate the highest common factor of 37590 and 4.
2
What is the highest common divisor of 537593 and 36511?
1259
Calculate the greatest common divisor of 1242 and 92460.
138
What is the highest common factor of 462 and 64449?
231
What is the highest common factor of 1775 and 325?
25
Calculate the greatest common divisor of 485796 and 372.
12
What is the highest common divisor of 156 and 761553?
39
Calculate the greatest common factor of 10431 and 1368.
171
What is the greatest common divisor of 2083567 and 9445?
1889
Calculate the greatest common divisor of 1220 and 23668.
244
What is the greatest common factor of 846 and 90828?
18
Calculate the highest common divisor of 22440 and 100.
20
What is the greatest common factor of 21 and 90867?
21
What is the highest common factor of 156886 and 376?
94
Calculate the highest common divisor of 425 and 1556605.
85
What is the greatest common divisor of 560 and 2670920?
280
Calculate the greatest common factor of 9991 and 1164.
97
What is the highest common factor of 4270 and 770?
70
What is the greatest common divisor of 5274 and 162?
18
Calculate the greatest common factor of 1413 and 163437.
471
What is the greatest common factor of 23838 and 31146?
174
What is the highest common factor of 175059 and 106?
53
Calculate the greatest common factor of 1747741 and 2991.
997
What is the greatest common factor of 22002 and 285?
57
What is the highest common divisor of 5597 and 7913?
193
Calculate the highest common divisor of 912 and 53232.
48
Calculate the greatest common divisor of 37 and 8275309.
37
Calculate the highest common factor of 86593 and 39.
13
Calculate the highest common divisor of 369 and 37064.
41
Calculate the highest common divisor of 2828 and 2396124.
404
Calculate the highest common factor of 139601 and 6919.
407
What is the highest common factor of 1117984 and 3906?
434
Calculate the highest common factor of 145 and 29.
29
Calculate the greatest common factor of 160 and 8620.
20
What is the highest common divisor of 224 and 3472?
112
Calculate the greatest common factor of 980 and 36064.
196
What is the greatest common divisor of 6016 and 408?
8
What is the highest common divisor of 23157 and 97857?
747
Calculate the highest common divisor of 108241 and 147.
49
Calculate the highest c